 78?
76
Calculate the remainder when 353 is divided by 51.
47
Calculate the remainder when 154 is divided by 89.
65
Calculate the remainder when 8095 is divided by 55.
10
What is the remainder when 149 is divided by 19?
16
What is the remainder when 15793 is divided by 44?
41
Calculate the remainder when 202 is divided by 9.
4
What is the remainder when 452 is divided by 154?
144
What is the remainder when 80 is divided by 41?
39
What is the remainder when 768 is divided by 195?
183
What is the remainder when 1655 is divided by 47?
10
What is the remainder when 367 is divided by 8?
7
What is the remainder when 10359 is divided by 10?
9
What is the remainder when 616 is divided by 126?
112
Calculate the remainder when 5 is divided by 4.
1
What is the remainder when 2590 is divided by 24?
22
Calculate the remainder when 129 is divided by 11.
8
What is the remainder when 665 is divided by 26?
15
What is the remainder when 428 is divided by 398?
30
What is the remainder when 270 is divided by 92?
86
Calculate the remainder when 207 is divided by 19.
17
Calculate the remainder when 4649 is divided by 178.
21
Calculate the remainder when 1723 is divided by 21.
1
What is the remainder when 88 is divided by 30?
28
Calculate the remainder when 4222 is divided by 235.
227
What is the remainder when 1297 is divided by 52?
49
Calculate the remainder when 5994 is divided by 240.
234
What is the remainder when 10454 is divided by 205?
204
Calculate the remainder when 89 is divided by 51.
38
Calculate the remainder when 10228 is divided by 2554.
12
Calculate the remainder when 920 is divided by 104.
88
What is the remainder when 239 is divided by 10?
9
Calculate the remainder when 299 is divided by 120.
59
Calculate the remainder when 44 is divided by 4.
0
What is the remainder when 2272 is divided by 35?
32
Calculate the remainder when 91 is divided by 16.
11
What is the remainder when 2415 is divided by 93?
90
Calculate the remainder when 1285 is divided by 13.
11
What is the remainder when 212 is divided by 43?
40
What is the remainder when 1509 is divided by 24?
21
What is the remainder when 269 is divided by 21?
17
Calculate the remainder when 286 is divided by 16.
14
Calculate the remainder when 753 is divided by 72.
33
Calculate the remainder when 2103 is divided by 238.
199
Calculate the remainder when 372 is divided by 94.
90
What is the remainder when 75 is divided by 55?
20
Calculate the remainder when 839 is divided by 42.
41
Calculate the remainder when 1022 is divided by 4.
2
What is the remainder when 3568 is divided by 83?
82
Calculate the remainder when 1723 is divided by 122.
15
What is the remainder when 105 is divided by 97?
8
Calculate the remainder when 299 is divided by 30.
29
What is the remainder when 4746 is divided by 70?
56
What is the remainder when 975 is divided by 113?
71
What is the remainder when 47 is divided by 17?
13
Calculate the remainder when 56 is divided by 46.
10
Calculate the remainder when 508 is divided by 7.
4
Calculate the remainder when 77 is divided by 8.
5
Calculate the remainder when 404 is divided by 49.
12
What is the remainder when 175 is divided by 10?
5
What is the remainder when 11481 is divided by 18?
15
Calculate the remainder when 4551 is divided by 23.
20
What is the remainder when 248 is divided by 4?
0
What is the remainder when 68 is divided by 15?
8
Calculate the remainder when 973 is divided by 10.
3
What is the remainder when 177 is divided by 53?
18
What is the remainder when 101 is divided by 37?
27
Calculate the remainder when 6101 is divided by 71.
66
Calculate the remainder when 179 is divided by 7.
4
Calculate the remainder when 2293 is divided by 764.
1
What is the remainder when 25 is divided by 12?
1
Calculate the remainder when 232 is divided by 73.
13
What is the remainder when 3915 is divided by 28?
23
What is the remainder when 2466 is divided by 176?
2
Calculate the remainder when 46 is divided by 23.
0
What is the remainder when 2257 is divided by 34?
13
Calculate the remainder when 257 is divided by 24.
17
What is the remainder when 195 is divided by 28?
27
What is the remainder when 719 is divided by 99?
26
Calculate the remainder when 286 is divided by 6.
4
What is the remainder when 1537 is divided by 85?
7
Calculate the remainder when 3171 is divided by 19.
17
What is the remainder when 5577 is divided by 60?
57
Calculate the remainder when 117 is divided by 116.
1
Calculate the remainder when 8363 is divided by 68.
67
Calculate the remainder when 305 is divided by 275.
30
What is the remainder when 2958 is divided by 22?
10
Calculate the remainder when 25 is divided by 2.
1
What is the remainder when 60 is divided by 13?
8
What is the remainder when 619 is divided by 9?
7
Calculate the remainder when 456 is divided by 123.
87
What is the remainder when 233 is divided by 222?
11
What is the remainder when 160 is divided by 24?
16
Calculate the remainder when 256 is divided by 68.
52
What is the remainder when 324 is divided by 66?
60
Calculate the remainder when 325 is divided by 158.
9
What is the remainder when 18867 is divided by 111?
108
Calculate the remainder when 1317 is divided by 65.
17
What is the remainder when 7743 is divided by 88?
87
What is the remainder when 298 is divided by 50?
48
Calculate the remainder when 346 is divided by 10.
6
What is the remainder when 1220 is divided by 111?
110
What is the remainder when 1103 is divided by 9?
5
What is the remainder when 75 is divided by 33?
9
Calculate the remainder when 167 is divided by 35.
27
Calculate the remainder when 61 is divided by 17.
10
Calculate the remainder when 175 is divided by 5.
0
What is the remainder when 10419 is divided by 5?
4
What is the remainder when 4008 is divided by 63?
39
What is the remainder when 796 is divided by 50?
46
What is the remainder when 1150 is divided by 524?
102
Calculate the remainder when 4342 is divided by 106.
102
What is the remainder when 109 is divided by 14?
11
Calculate the remainder when 97 is divided by 10.
7
What is the remainder when 273 is divided by 6?
3
Calculate the remainder when 184 is divided by 36.
4
Calculate the remainder when 728 is divided by 21.
14
Calculate the remainder when 348 is divided by 70.
68
Calculate the remainder when 91 is divided by 29.
4
What is the remainder when 943 is divided by 21?
19
Calculate the remainder when 329 is divided by 117.
95
Calculate the remainder when 1726 is divided by 851.
24
What is the remainder when 251 is divided by 12?
11
Calculate the remainder when 34 is divided by 9.
7
What is the remainder when 905 is divided by 151?
150
What is the remainder when 1561 is divided by 54?
49
Calculate the remainder when 831 is divided by 180.
111
What is the remainder when 715 is divided by 4?
3
Calculate the remainder when 1638 is divided by 327.
3
Calculate the remainder when 205 is divided by 10.
5
What is the remainder when 73 is divided by 1?
0
Calculate the remainder when 109 is divided by 38.
33
Calculate the remainder when 291 is divided by 19.
6
Calculate the remainder when 2534 is divided by 53.
43
What is the remainder when 352 is divided by 59?
57
What is the remainder when 45231 is divided by 88?
87
Calculate the remainder when 7838 is divided by 80.
78
What is the remainder when 388 is divided by 253?
135
What is the remainder when 946 is divided by 10?
6
Calculate the remainder when 107 is divided by 31.
14
Calculate the remainder when 18993 is divided by 4.
1
What is the remainder when 3692 is divided by 105?
17
What is the remainder when 36 is divided by 26?
10
Calculate the remainder when 21540 is divided by 129.
126
Calculate the remainder when 200 is divided by 60.
20
What is the remainder when 80 is divided by 9?
8
Calculate the remainder when 155 is divided by 142.
13
Calculate the remainder when 64 is divided by 32.
0
What is the remainder when 371 is divided by 16?
3
What is the remainder when 1183 is divided by 37?
36
Calculate the remainder when 88 is divided by 23.
19
What is the remainder when 59406 is divided by 207?
204
What is the remainder when 3179 is divided by 212?
211
Calculate the remainder when 27839 is divided by 348.
347
What is the remainder when 144 is divided by 39?
2